{"id":434,"date":"2026-03-10T20:16:26","date_gmt":"2026-03-10T19:16:26","guid":{"rendered":"https:\/\/riek-kelsen.org\/?page_id=434"},"modified":"2026-04-13T12:13:56","modified_gmt":"2026-04-13T10:13:56","slug":"identidad-visual","status":"publish","type":"page","link":"https:\/\/riek-kelsen.org\/de\/identidad-visual\/","title":{"rendered":"Visuelle Identit\u00e4t"},"content":{"rendered":"<h3 class=\"wp-block-heading\"><strong>Ursprung des Logos<\/strong><\/h3>\n\n\n\n<p>Das Logo des <strong>Netzwerks RIEK \u2013 Iberoamerikanisches Netzwerk f\u00fcr Studien zu Hans Kelsen und zur Wiener rechtstheoretischen Schule \u2013<\/strong> wurde im Mai 2025 im Rahmen des Prozesses zur Entwicklung des akademischen Projekts des Netzwerks konzipiert. Seitdem ist es Teil der visuellen institutionellen Identit\u00e4t des Netzwerks RIEK und wird als eines der zentralen Elemente der \u00f6ffentlichen Identifikation seiner akademischen Aktivit\u00e4ten sowie seiner offiziellen Kommunikationskan\u00e4le verwendet.<\/p>\n\n\n\n<p>Das Design des Logos basiert auf einer stilisierten Darstellung des Portr\u00e4ts von <strong>Hans Kelsen<\/strong> das um 1930 von dem Wiener Fotografen <strong>Georg Fayer<\/strong>aufgenommen wurde <em>und im Bildarchiv Austria<\/em> der <strong>\u00d6sterreichischen Nationalbibliothek<\/strong> aufbewahrt wird (Inventarnummer Pf 6505 C(3)).<\/p>\n\n\n\n<figure class=\"wp-block-image aligncenter size-large is-resized\"><img loading=\"lazy\" decoding=\"async\" width=\"729\" height=\"1024\" src=\"https:\/\/riek-kelsen.org\/wp-content\/uploads\/2026\/03\/Hans_Kelsen_1881\u20131973_1930_\u00a9_Georg_Fayer_1892\u20131950_OeNB_8026867-729x1024.jpg\" alt=\"\" class=\"wp-image-436\" style=\"aspect-ratio:0.7119186496670624;width:531px;height:auto\" srcset=\"https:\/\/riek-kelsen.org\/wp-content\/uploads\/2026\/03\/Hans_Kelsen_1881\u20131973_1930_\u00a9_Georg_Fayer_1892\u20131950_OeNB_8026867-729x1024.jpg 729w, https:\/\/riek-kelsen.org\/wp-content\/uploads\/2026\/03\/Hans_Kelsen_1881\u20131973_1930_\u00a9_Georg_Fayer_1892\u20131950_OeNB_8026867-213x300.jpg 213w, https:\/\/riek-kelsen.org\/wp-content\/uploads\/2026\/03\/Hans_Kelsen_1881\u20131973_1930_\u00a9_Georg_Fayer_1892\u20131950_OeNB_8026867-768x1079.jpg 768w, https:\/\/riek-kelsen.org\/wp-content\/uploads\/2026\/03\/Hans_Kelsen_1881\u20131973_1930_\u00a9_Georg_Fayer_1892\u20131950_OeNB_8026867-9x12.jpg 9w, https:\/\/riek-kelsen.org\/wp-content\/uploads\/2026\/03\/Hans_Kelsen_1881\u20131973_1930_\u00a9_Georg_Fayer_1892\u20131950_OeNB_8026867.jpg 789w\" sizes=\"auto, (max-width: 729px) 100vw, 729px\" \/><figcaption class=\"wp-element-caption\"><sub>Portr\u00e4t von Hans Kelsen, ca. 1930. Fotografie von Georg Fayer.<br>\u00d6sterreichische Nationalbibliothek \u2013 Bildarchiv Austria, Inventarnummer Pf 6505 C(3)<\/sub><\/figcaption><\/figure>\n\n\n\n<p>Die Fotografie zeigt Kelsen im Alter von etwa f\u00fcnfzig Jahren in einem Brustportr\u00e4t mit seitlicher Studiobeleuchtung, dunklem neutralem Hintergrund und leicht nach links gewandtem Kopf aus der Perspektive der Betrachterin bzw. des Betrachters. Dieses Portr\u00e4t geh\u00f6rt zur letzten Phase von Kelsens akademischem Wirken in Wien, kurz vor seinem Wechsel an die Universit\u00e4t K\u00f6ln im Jahr 1930 \u2013 ein Zeitpunkt, der den Beginn der langen Reihe von Exilen markiert, die fortan seine intellektuelle Laufbahn pr\u00e4gten.<\/p>\n\n\n\n<p>Auf der Grundlage dieser historischen Fotografie wurde eine stilisierte Darstellung von Kelsens Profil entwickelt, die als identifizierendes Symbol des Netzwerks dient.<\/p>\n\n\n\n<h3 class=\"wp-block-heading\"><strong>Gestaltungsprozess<\/strong><\/h3>\n\n\n\n<p>Das Design des Logos wurde im Kontext des Entstehungsprozesses des akademischen Projekts des Netzwerks RIEK entwickelt und als institutionelles Symbol des Netzwerks \u00fcbernommen.<\/p>\n\n\n\n<p>In einer ersten Phase wurden verschiedene grafische Stilisierungen des urspr\u00fcnglichen Portr\u00e4ts untersucht, mit dem Ziel, eine klare, wiedererkennbare und f\u00fcr die Verwendung als institutionelles Symbol geeignete visuelle Form zu identifizieren. Zu diesem Zweck wurden digitale Werkzeuge zur Bildbearbeitung und Bildgenerierung eingesetzt, die es erm\u00f6glichten, mit unterschiedlichen Interpretationen des historischen Portr\u00e4ts zu experimentieren.<\/p>\n\n\n\n<p>Aus diesem Prozess ging schlie\u00dflich eine stilisierte Darstellung von Kelsens Profil hervor, das nach rechts blickt und als Grundlage f\u00fcr das institutionelle Logo des Netzwerks RIEK \u00fcbernommen wurde.<\/p>\n\n\n\n<h4 class=\"wp-block-heading\"><strong>Erste Version des Logos<\/strong><\/h4>\n\n\n\n<p>Die erste Version des Logos wurde im Mai 2025 im Rahmen der fr\u00fchen Entwicklungsphase des akademischen Projekts des Netzwerks RIEK in schwarzer Farbe vorgestellt.<\/p>\n\n\n\n<figure class=\"wp-block-image aligncenter size-full is-resized\"><img loading=\"lazy\" decoding=\"async\" width=\"1024\" height=\"1024\" src=\"https:\/\/riek-kelsen.org\/wp-content\/uploads\/2026\/03\/FINAL_LOGO_ES.png\" alt=\"\" class=\"wp-image-437\" style=\"width:412px;height:auto\" srcset=\"https:\/\/riek-kelsen.org\/wp-content\/uploads\/2026\/03\/FINAL_LOGO_ES.png 1024w, https:\/\/riek-kelsen.org\/wp-content\/uploads\/2026\/03\/FINAL_LOGO_ES-300x300.png 300w, https:\/\/riek-kelsen.org\/wp-content\/uploads\/2026\/03\/FINAL_LOGO_ES-150x150.png 150w, https:\/\/riek-kelsen.org\/wp-content\/uploads\/2026\/03\/FINAL_LOGO_ES-768x768.png 768w, https:\/\/riek-kelsen.org\/wp-content\/uploads\/2026\/03\/FINAL_LOGO_ES-12x12.png 12w\" sizes=\"auto, (max-width: 1024px) 100vw, 1024px\" \/><\/figure>\n\n\n\n<p>Diese Version wurde in den ersten Satzungsentwurf des Netzwerks RIEK aufgenommen und anschlie\u00dfend unter verschiedenen Wissenschaftlerinnen und Wissenschaftlern verbreitet, die am anf\u00e4nglichen Diskussionsprozess des Projekts beteiligt waren.<\/p>\n\n\n\n<h4 class=\"wp-block-heading\"><strong>Chromatische Entwicklung<\/strong><\/h4>\n\n\n\n<p>In einer sp\u00e4teren Phase des Gestaltungsprozesses wurde ein institutioneller Blauton (steel blue) \u00fcbernommen, der die Farbe der aktuellen Version des Logos des Netzwerks RIEK bildet. Die gegenw\u00e4rtig vom Netzwerk verwendete Version leitet sich vom urspr\u00fcnglichen Design ab, das im Rahmen des Entstehungsprozesses des akademischen Projekts entwickelt wurde und an dem sp\u00e4ter kleinere grafische Anpassungen vorgenommen wurden.<\/p>\n\n\n\n<figure class=\"wp-block-image aligncenter size-full\"><img loading=\"lazy\" decoding=\"async\" width=\"236\" height=\"105\" src=\"https:\/\/riek-kelsen.org\/wp-content\/uploads\/2026\/02\/LogoRIEK_AzulHabsburg_SinTexto.png\" alt=\"\" class=\"wp-image-67\" style=\"aspect-ratio:2.2476894639556377\" srcset=\"https:\/\/riek-kelsen.org\/wp-content\/uploads\/2026\/02\/LogoRIEK_AzulHabsburg_SinTexto.png 236w, https:\/\/riek-kelsen.org\/wp-content\/uploads\/2026\/02\/LogoRIEK_AzulHabsburg_SinTexto-18x8.png 18w, https:\/\/riek-kelsen.org\/wp-content\/uploads\/2026\/02\/LogoRIEK_AzulHabsburg_SinTexto-180x80.png 180w\" sizes=\"auto, (max-width: 236px) 100vw, 236px\" \/><\/figure>\n\n\n\n<p>Der f\u00fcr die endg\u00fcltige Version des Logos gew\u00e4hlte Blauton geh\u00f6rt zur Farbgruppe, die als steel blue bekannt ist <em>steel blue<\/em>und in akademischen sowie institutionellen Kontexten weit verbreitet ist. Seine Wahl evoziert symbolisch die mit dem Werk von Hans Kelsen und mit der Geschichte der Wiener rechtstheoretischen Schule verbundene mitteleurop\u00e4ische intellektuelle Tradition.<\/p>\n\n\n\n<p>Die Verwendung dieser Farbe zielt darauf ab, eine visuelle Verbindung zwischen der zeitgen\u00f6ssischen Identit\u00e4t des Netzwerks RIEK und dem historischen Ursprung der rechtlichen Tradition herzustellen, die das Projekt inspiriert.<\/p>\n\n\n\n<p>Ausgehend von der f\u00fcr die endg\u00fcltige Version des Logos gew\u00e4hlten Farbe wurde auch die chromatische Identit\u00e4t der Website definiert, die auf einer Farbpalette aus <em>steel blue<\/em>, Wei\u00df und Schwarz basiert und die institutionelle Kommunikation des Netzwerks RIEK visuell strukturiert.<\/p>\n\n\n\n<h3 class=\"wp-block-heading\"><strong>Institutionelle Funktion des Logos<\/strong><\/h3>\n\n\n\n<p>Das Logo des Netzwerks RIEK ist Teil der institutionellen visuellen Identit\u00e4t des akademischen Projekts und stellt eines der zentralen Elemente der \u00f6ffentlichen Identifikation des Netzwerks dar.<\/p>\n\n\n\n<p>Seit seiner Annahme im Mai 2025 wird das Logo kontinuierlich als institutionelles Identifikationselement des Netzwerks RIEK in seinen akademischen Aktivit\u00e4ten sowie in seinen offiziellen Kommunikationskan\u00e4len verwendet.<\/p>\n\n\n\n<p>Die Bezeichnung \u201eRIEK\u201c ist als Wortmarke beim Deutschen Patent- und Markenamt (DPMA, Deutschland) eingetragen.<\/p>\n\n\n\n<p>Der Name des Netzwerks, sein institutionelles Logo, die Elemente der visuellen Identit\u00e4t des Netzwerks RIEK sowie die Inhalte dieser Website sind Teil der institutionellen Identit\u00e4t des akademischen Projekts und seiner \u00f6ffentlichen Pr\u00e4senz im internationalen wissenschaftlichen Raum.<\/p>\n\n\n\n<p>Die Verwendung des Namens <strong>RIEK<\/strong>, seines Logos sowie der damit verbundenen Elemente der visuellen Identit\u00e4t ist mit den akademischen und wissenschaftlichen Aktivit\u00e4ten verbunden, die im Rahmen des Netzwerks RIEK entwickelt werden.<\/p>\n\n\n\n<ul class=\"wp-block-list\">\n<li><a href=\"https:\/\/riek-kelsen.org\/de\/mision-y-vision\/\" target=\"_blank\" rel=\"noopener\" title=\"Mission und Vision\">Mission und Vision<\/a><\/li>\n\n\n\n<li><a href=\"https:\/\/riek-kelsen.org\/de\/objetivos\/\" target=\"_blank\" rel=\"noopener\" title=\"Ziele\">Ziele<\/a><\/li>\n\n\n\n<li><a href=\"https:\/\/riek-kelsen.org\/de\/historia\/\" target=\"_blank\" rel=\"noopener\" title=\"Institutionelle Geschichte\">Institutionelle Geschichte<\/a><\/li>\n\n\n\n<li><a href=\"https:\/\/riek-kelsen.org\/de\/gobernanza\/\" target=\"_blank\" rel=\"noopener\" title=\"Leitungsstruktur\">Leitungsstruktur<\/a><\/li>\n<\/ul>","protected":false},"excerpt":{"rendered":"<p>Origen del logotipo El logotipo de la RIEK \u2013 Red Iberoamericana de Estudios sobre Hans Kelsen y la Escuela de [&hellip;]<\/p>\n","protected":false},"author":1,"featured_media":0,"parent":0,"menu_order":0,"comment_status":"closed","ping_status":"closed","template":"","meta":{"site-sidebar-layout":"default","site-content-layout":"","ast-site-content-layout":"default","site-content-style":"default","site-sidebar-style":"default","ast-global-header-display":"","ast-banner-title-visibility":"","ast-main-header-display":"","ast-hfb-above-header-display":"","ast-hfb-below-header-display":"","ast-hfb-mobile-header-display":"","site-post-title":"","ast-breadcrumbs-content":"","ast-featured-img":"","footer-sml-layout":"","ast-disable-related-posts":"","theme-transparent-header-meta":"","adv-header-id-meta":"","stick-header-meta":"","header-above-stick-meta":"","header-main-stick-meta":"","header-below-stick-meta":"","astra-migrate-meta-layouts":"default","ast-page-background-enabled":"default","ast-page-background-meta":{"desktop":{"background-color":"var(--ast-global-color-5)","background-image":"","background-repeat":"repeat","background-position":"center center","background-size":"auto","background-attachment":"scroll","background-type":"","background-media":"","overlay-type":"","overlay-color":"","overlay-opacity":"","overlay-gradient":""},"tablet":{"background-color":"","background-image":"","background-repeat":"repeat","background-position":"center center","background-size":"auto","background-attachment":"scroll","background-type":"","background-media":"","overlay-type":"","overlay-color":"","overlay-opacity":"","overlay-gradient":""},"mobile":{"background-color":"","background-image":"","background-repeat":"repeat","background-position":"center center","background-size":"auto","background-attachment":"scroll","background-type":"","background-media":"","overlay-type":"","overlay-color":"","overlay-opacity":"","overlay-gradient":""}},"ast-content-background-meta":{"desktop":{"background-color":"var(--ast-global-color-4)","background-image":"","background-repeat":"repeat","background-position":"center center","background-size":"auto","background-attachment":"scroll","background-type":"","background-media":"","overlay-type":"","overlay-color":"","overlay-opacity":"","overlay-gradient":""},"tablet":{"background-color":"var(--ast-global-color-4)","background-image":"","background-repeat":"repeat","background-position":"center center","background-size":"auto","background-attachment":"scroll","background-type":"","background-media":"","overlay-type":"","overlay-color":"","overlay-opacity":"","overlay-gradient":""},"mobile":{"background-color":"var(--ast-global-color-4)","background-image":"","background-repeat":"repeat","background-position":"center center","background-size":"auto","background-attachment":"scroll","background-type":"","background-media":"","overlay-type":"","overlay-color":"","overlay-opacity":"","overlay-gradient":""}},"footnotes":""},"class_list":["post-434","page","type-page","status-publish","hentry"],"aioseo_notices":[],"_hostinger_reach_plugin_has_subscription_block":false,"_hostinger_reach_plugin_is_elementor":false,"_links":{"self":[{"href":"https:\/\/riek-kelsen.org\/de\/wp-json\/wp\/v2\/pages\/434","targetHints":{"allow":["GET"]}}],"collection":[{"href":"https:\/\/riek-kelsen.org\/de\/wp-json\/wp\/v2\/pages"}],"about":[{"href":"https:\/\/riek-kelsen.org\/de\/wp-json\/wp\/v2\/types\/page"}],"author":[{"embeddable":true,"href":"https:\/\/riek-kelsen.org\/de\/wp-json\/wp\/v2\/users\/1"}],"replies":[{"embeddable":true,"href":"https:\/\/riek-kelsen.org\/de\/wp-json\/wp\/v2\/comments?post=434"}],"version-history":[{"count":49,"href":"https:\/\/riek-kelsen.org\/de\/wp-json\/wp\/v2\/pages\/434\/revisions"}],"predecessor-version":[{"id":604,"href":"https:\/\/riek-kelsen.org\/de\/wp-json\/wp\/v2\/pages\/434\/revisions\/604"}],"wp:attachment":[{"href":"https:\/\/riek-kelsen.org\/de\/wp-json\/wp\/v2\/media?parent=434"}],"curies":[{"name":"wp","href":"https:\/\/api.w.org\/{rel}","templated":true}]}}

Visuelle Identität

<h3 class="wp-block-heading"><strong>Ursprung des Logos</strong></h3>



<p>Das Logo des <strong>Netzwerks RIEK – Iberoamerikanisches Netzwerk für Studien zu Hans Kelsen und zur Wiener rechtstheoretischen Schule –</strong> wurde im Mai 2025 im Rahmen des Prozesses zur Entwicklung des akademischen Projekts des Netzwerks konzipiert. Seitdem ist es Teil der visuellen institutionellen Identität des Netzwerks RIEK und wird als eines der zentralen Elemente der öffentlichen Identifikation seiner akademischen Aktivitäten sowie seiner offiziellen Kommunikationskanäle verwendet.</p>



<p>Das Design des Logos basiert auf einer stilisierten Darstellung des Porträts von <strong>Hans Kelsen</strong> das um 1930 von dem Wiener Fotografen <strong>Georg Fayer</strong>aufgenommen wurde <em>und im Bildarchiv Austria</em> der <strong>Österreichischen Nationalbibliothek</strong> aufbewahrt wird (Inventarnummer Pf 6505 C(3)).</p>



<figure class="wp-block-image aligncenter size-large is-resized"><img loading="lazy" decoding="async" width="729" height="1024" src="https://riek-kelsen.org/wp-content/uploads/2026/03/Hans_Kelsen_1881–1973_1930_©_Georg_Fayer_1892–1950_OeNB_8026867-729x1024.jpg" alt="" class="wp-image-436" style="aspect-ratio:0.7119186496670624;width:531px;height:auto" srcset="https://riek-kelsen.org/wp-content/uploads/2026/03/Hans_Kelsen_1881–1973_1930_©_Georg_Fayer_1892–1950_OeNB_8026867-729x1024.jpg 729w, https://riek-kelsen.org/wp-content/uploads/2026/03/Hans_Kelsen_1881–1973_1930_©_Georg_Fayer_1892–1950_OeNB_8026867-213x300.jpg 213w, https://riek-kelsen.org/wp-content/uploads/2026/03/Hans_Kelsen_1881–1973_1930_©_Georg_Fayer_1892–1950_OeNB_8026867-768x1079.jpg 768w, https://riek-kelsen.org/wp-content/uploads/2026/03/Hans_Kelsen_1881–1973_1930_©_Georg_Fayer_1892–1950_OeNB_8026867-9x12.jpg 9w, https://riek-kelsen.org/wp-content/uploads/2026/03/Hans_Kelsen_1881–1973_1930_©_Georg_Fayer_1892–1950_OeNB_8026867.jpg 789w" sizes="auto, (max-width: 729px) 100vw, 729px" /><figcaption class="wp-element-caption"><sub>Porträt von Hans Kelsen, ca. 1930. Fotografie von Georg Fayer.<br>Österreichische Nationalbibliothek – Bildarchiv Austria, Inventarnummer Pf 6505 C(3)</sub></figcaption></figure>



<p>Die Fotografie zeigt Kelsen im Alter von etwa fünfzig Jahren in einem Brustporträt mit seitlicher Studiobeleuchtung, dunklem neutralem Hintergrund und leicht nach links gewandtem Kopf aus der Perspektive der Betrachterin bzw. des Betrachters. Dieses Porträt gehört zur letzten Phase von Kelsens akademischem Wirken in Wien, kurz vor seinem Wechsel an die Universität Köln im Jahr 1930 – ein Zeitpunkt, der den Beginn der langen Reihe von Exilen markiert, die fortan seine intellektuelle Laufbahn prägten.</p>



<p>Auf der Grundlage dieser historischen Fotografie wurde eine stilisierte Darstellung von Kelsens Profil entwickelt, die als identifizierendes Symbol des Netzwerks dient.</p>



<h3 class="wp-block-heading"><strong>Gestaltungsprozess</strong></h3>



<p>Das Design des Logos wurde im Kontext des Entstehungsprozesses des akademischen Projekts des Netzwerks RIEK entwickelt und als institutionelles Symbol des Netzwerks übernommen.</p>



<p>In einer ersten Phase wurden verschiedene grafische Stilisierungen des ursprünglichen Porträts untersucht, mit dem Ziel, eine klare, wiedererkennbare und für die Verwendung als institutionelles Symbol geeignete visuelle Form zu identifizieren. Zu diesem Zweck wurden digitale Werkzeuge zur Bildbearbeitung und Bildgenerierung eingesetzt, die es ermöglichten, mit unterschiedlichen Interpretationen des historischen Porträts zu experimentieren.</p>



<p>Aus diesem Prozess ging schließlich eine stilisierte Darstellung von Kelsens Profil hervor, das nach rechts blickt und als Grundlage für das institutionelle Logo des Netzwerks RIEK übernommen wurde.</p>



<h4 class="wp-block-heading"><strong>Erste Version des Logos</strong></h4>



<p>Die erste Version des Logos wurde im Mai 2025 im Rahmen der frühen Entwicklungsphase des akademischen Projekts des Netzwerks RIEK in schwarzer Farbe vorgestellt.</p>



<figure class="wp-block-image aligncenter size-full is-resized"><img loading="lazy" decoding="async" width="1024" height="1024" src="https://riek-kelsen.org/wp-content/uploads/2026/03/FINAL_LOGO_ES.png" alt="" class="wp-image-437" style="width:412px;height:auto" srcset="https://riek-kelsen.org/wp-content/uploads/2026/03/FINAL_LOGO_ES.png 1024w, https://riek-kelsen.org/wp-content/uploads/2026/03/FINAL_LOGO_ES-300x300.png 300w, https://riek-kelsen.org/wp-content/uploads/2026/03/FINAL_LOGO_ES-150x150.png 150w, https://riek-kelsen.org/wp-content/uploads/2026/03/FINAL_LOGO_ES-768x768.png 768w, https://riek-kelsen.org/wp-content/uploads/2026/03/FINAL_LOGO_ES-12x12.png 12w" sizes="auto, (max-width: 1024px) 100vw, 1024px" /></figure>



<p>Diese Version wurde in den ersten Satzungsentwurf des Netzwerks RIEK aufgenommen und anschließend unter verschiedenen Wissenschaftlerinnen und Wissenschaftlern verbreitet, die am anfänglichen Diskussionsprozess des Projekts beteiligt waren.</p>



<h4 class="wp-block-heading"><strong>Chromatische Entwicklung</strong></h4>



<p>In einer späteren Phase des Gestaltungsprozesses wurde ein institutioneller Blauton (steel blue) übernommen, der die Farbe der aktuellen Version des Logos des Netzwerks RIEK bildet. Die gegenwärtig vom Netzwerk verwendete Version leitet sich vom ursprünglichen Design ab, das im Rahmen des Entstehungsprozesses des akademischen Projekts entwickelt wurde und an dem später kleinere grafische Anpassungen vorgenommen wurden.</p>



<figure class="wp-block-image aligncenter size-full"><img loading="lazy" decoding="async" width="236" height="105" src="https://riek-kelsen.org/wp-content/uploads/2026/02/LogoRIEK_AzulHabsburg_SinTexto.png" alt="" class="wp-image-67" style="aspect-ratio:2.2476894639556377" srcset="https://riek-kelsen.org/wp-content/uploads/2026/02/LogoRIEK_AzulHabsburg_SinTexto.png 236w, https://riek-kelsen.org/wp-content/uploads/2026/02/LogoRIEK_AzulHabsburg_SinTexto-18x8.png 18w, https://riek-kelsen.org/wp-content/uploads/2026/02/LogoRIEK_AzulHabsburg_SinTexto-180x80.png 180w" sizes="auto, (max-width: 236px) 100vw, 236px" /></figure>



<p>Der für die endgültige Version des Logos gewählte Blauton gehört zur Farbgruppe, die als steel blue bekannt ist <em>steel blue</em>und in akademischen sowie institutionellen Kontexten weit verbreitet ist. Seine Wahl evoziert symbolisch die mit dem Werk von Hans Kelsen und mit der Geschichte der Wiener rechtstheoretischen Schule verbundene mitteleuropäische intellektuelle Tradition.</p>



<p>Die Verwendung dieser Farbe zielt darauf ab, eine visuelle Verbindung zwischen der zeitgenössischen Identität des Netzwerks RIEK und dem historischen Ursprung der rechtlichen Tradition herzustellen, die das Projekt inspiriert.</p>



<p>Ausgehend von der für die endgültige Version des Logos gewählten Farbe wurde auch die chromatische Identität der Website definiert, die auf einer Farbpalette aus <em>steel blue</em>, Weiß und Schwarz basiert und die institutionelle Kommunikation des Netzwerks RIEK visuell strukturiert.</p>



<h3 class="wp-block-heading"><strong>Institutionelle Funktion des Logos</strong></h3>



<p>Das Logo des Netzwerks RIEK ist Teil der institutionellen visuellen Identität des akademischen Projekts und stellt eines der zentralen Elemente der öffentlichen Identifikation des Netzwerks dar.</p>



<p>Seit seiner Annahme im Mai 2025 wird das Logo kontinuierlich als institutionelles Identifikationselement des Netzwerks RIEK in seinen akademischen Aktivitäten sowie in seinen offiziellen Kommunikationskanälen verwendet.</p>



<p>Die Bezeichnung „RIEK“ ist als Wortmarke beim Deutschen Patent- und Markenamt (DPMA, Deutschland) eingetragen.</p>



<p>Der Name des Netzwerks, sein institutionelles Logo, die Elemente der visuellen Identität des Netzwerks RIEK sowie die Inhalte dieser Website sind Teil der institutionellen Identität des akademischen Projekts und seiner öffentlichen Präsenz im internationalen wissenschaftlichen Raum.</p>



<p>Die Verwendung des Namens <strong>RIEK</strong>, seines Logos sowie der damit verbundenen Elemente der visuellen Identität ist mit den akademischen und wissenschaftlichen Aktivitäten verbunden, die im Rahmen des Netzwerks RIEK entwickelt werden.</p>



<ul class="wp-block-list">
<li><a href="https://riek-kelsen.org/de/mision-y-vision/" target="_blank" rel="noopener" title="Mission und Vision">Mission und Vision</a></li>



<li><a href="https://riek-kelsen.org/de/objetivos/" target="_blank" rel="noopener" title="Ziele">Ziele</a></li>



<li><a href="https://riek-kelsen.org/de/historia/" target="_blank" rel="noopener" title="Institutionelle Geschichte">Institutionelle Geschichte</a></li>



<li><a href="https://riek-kelsen.org/de/gobernanza/" target="_blank" rel="noopener" title="Leitungsstruktur">Leitungsstruktur</a></li>
</ul>
